= 2*a + 99. Calculate the remainder when q is divided by 16.
5
Let w = 1178 - 1164. Calculate the remainder when 32 is divided by w.
4
Let o(s) = -187 + 190 + 17*s**2 + 4*s - s. What is the remainder when 85 is divided by o(-1)?
0
Let s(j) = -27*j + 137. Let l be s(5). Suppose 3*u + 4 = 5*u, u = l*b - 314. What is the remainder when b is divided by 1/(2/4) + 38?
38
Let d = 468 - 450. What is the remainder when ((-12 - -3) + 5)*(-67)/4 is divided by d?
13
Let q(n) = 4*n - 56. Let p be q(10). Let h(i) = i**2 + 14*i + 2. Calculate the remainder when 63 is divided by h(p).
29
Suppose -1683*l + 1676*l = -2821. Calculate the remainder when l is divided by 390.
13
Let d = 249 + -212. Let z = 45 - 44. Suppose -f + 55 = 3*i + f, 5*f = -i + z. What is the remainder when d is divided by i?
16
Suppose 0 = 11*f - 9*f + 5*j - 1888, 5*f - 2*j = 4662. What is the remainder when f is divided by 72?
70
Suppose z + 5*j = -50 + 82, 5*j + 52 = z. What is the remainder when 1258 is divided by z?
40
Suppose -10651 = 45*c - 24637 - 30294. Calculate the remainder when c is divided by 125.
109
Let q = 24449 - 24430. Calculate the remainder when 3817 is divided by q.
17
Let q be 3/(2 - -2 - 4130/1036). Suppose 98 + q = 20*i. What is the remainder when 52 is divided by i?
4
What is the remainder when 1171 is divided by (2070/60)/((-10)/4 + 4)?
21
Suppose -5*m - 5*q + 24 = -456, -2*m + 4*q + 216 = 0. Let a = 145 - m. What is the remainder when a is divided by 27?
18
Let s(x) = -x**3 + 28*x**2 - 21*x - 89. Suppose -f + 405 = 2*f. Calculate the remainder when f is divided by s(27).
62
Let v(t) = -t**3 - 3*t**2 - 4*t - 5. Let l(y) = y**3 - 6*y**2 + 8*y - 5. Let u be l(7). Calculate the remainder when ((-54)/(-36))/(3/u) is divided by v(-4).
23
What is the remainder when -15 - (-280)/20 - -1473 is divided by 729?
14
Let p = -832 + 866. Let w be (-27)/(-9)*1/(-3). Let h = w + 8. Calculate the remainder when p is divided by h.
6
Let r be ((-73)/3)/(3/(-36)). Let a(w) = -396*w**3 + 2*w**2 + w + 1. Let k be a(-1). Suppose -r - k = -10*z. What is the remainder when z is divided by 18?
15
Let h = 25 - 4. Let i(a) = -2*a**3 + 53*a**2 - 24*a + 10. Suppose 0 = 3*w + q + 9 - 89, -132 = -5*w - q. What is the remainder when i(w) is divided by h?
20
Let l(p) = -28*p**2 - 318*p - 32. Calculate the remainder when (621/(-4))/(5/(-20)) is divided by l(-11).
75
Let v = -755 - -755. Suppose 84*a - 76*a - 336 = v. What is the remainder when a is divided by 17?
8
Let x be (-1 - -3)/((-2)/(-8)). Suppose 13 = h + x. Suppose 27 = 6*z - h*z. What is the remainder when z is divided by 7?
6
Let s(i) = 111*i**2 - 55*i - 4. What is the remainder when s(2) is divided by 7?
1
Suppose o + 0*o = 35. What is the remainder when o is divided by ((-1)/3*56/(-14))/(96/1008)?
7
Suppose 2*v - m - 138 = 0, v - 23 = 4*m + 60. Calculate the remainder when 2141 is divided by v.
64
Let a = 12304 + -4996. What is the remainder when a is divided by 86?
84
Let o(w) = 16*w + 117. Let j be o(6). Suppose -2*t - 3*n = -78, 0 = 5*t - 0*t + 3*n - j. What is the remainder when 176 is divided by t?
41
Suppose -2*s + 496 + 544 = 0. Suppose -5*h = -25*h + s. What is the remainder when h is divided by 15?
11
Let f(l) = 66*l + 5514. What is the remainder when f(-79) is divided by 83?
51
Let b(p) = 4*p + 157. Let i be b(-21). Suppose i = 16*s - 231. Calculate the remainder when 45 is divided by s.
7
Let q = -4 - 6. Let c = q - -20. Suppose 21*v - 799 + 232 = 0. What is the remainder when v is divided by c?
7
Let z = 24885 - 23017. What is the remainder when z is divided by 42?
20
Suppose -4*z + 886 = 5*c + 796, 3*z = -4*c + 69. Calculate the remainder when 48359 is divided by z.
14
Suppose 138*y = 27*y + 1554. Calculate the remainder when 1481 is divided by y.
11
Suppose 0 = 58*i - 38*i - 200. Let h = 30 - -88. What is the remainder when h is divided by i?
8
Suppose 4*c - 12 = -0, -4*y + 421 = -5*c. What is the remainder when 164 is divided by y?
55
Suppose 5*h + 96 = 3*b + 2*h, -2*b + 50 = 5*h. Suppose -5*f = -10*c + 5*c - 380, -5*f = -c - 388. What is the remainder when f is divided by b?
18
Suppose 4*a = 5*v + 402, -3*a - 634*v = -639*v - 309. Calculate the remainder when a is divided by 55.
38
Let y = -41 + 74. Let i = -28 + y. Suppose -68 = -5*f + 2*g + 22, 3*g = 0. What is the remainder when f is divided by i?
3
Let t(x) = -x**2 + 12*x + 12. Let o be t(14). Calculate the remainder when 3*(-2 - 58/(-3)) is divided by o + 31 - 3*-1.
16
Let n(s) = 123*s + 1149. Calculate the remainder when 2160 is divided by n(-9).
18
Suppose 4*n - 228 = 4*o, -15 = -0*n - 3*n. Let u = -44 - o. Let k(t) = t**3 - 9*t**2 + 11*t + 5. Calculate the remainder when k(u) is divided by 8.
5
Let h(m) = m**2 + 135*m + 1373. What is the remainder when 4217 is divided by h(-124)?
5
Let h(x) = 4*x**3 - 91*x**2 - 21*x - 40. Calculate the remainder when 22 is divided by h(23).
4
Suppose 4*m = -4*l + 28, 28 + 3 = 3*m + l. Suppose 5*h + 5*n = h - 95, 4*n + m = 0. What is the remainder when (4/6)/((h/(-492))/5) is divided by 7?
5
Suppose -d + 4857 = 4*i, 3*d - 5*i - 15915 = -1429. What is the remainder when d is divided by 110?
107
Let j = 5957 + -5925. Calculate the remainder when j is divided by 23.
9
Let b = 48 + -43. Suppose b*o + 12 = 2*f, 2*o - 6 = -f + o. Let s = -21 + 31. Calculate the remainder when s is divided by f.
4
Let p = 37 - 35. Suppose 0 = 5*y - r - 5, -3*r - 11 - 4 = p*y. Suppose -5*t = l + 11, 2*l - l - t - 7 = y. Calculate the remainder when 26 is divided by l.
2
Let d(y) = y**3 - 31*y**2 + 6*y - 133. Let m be (-152)/(-10)*45/18. Let z = 66 - m. What is the remainder when d(31) is divided by z?
25
Let a = -64 - -73. Suppose -8*p - a = -49. Calculate the remainder when 24 is divided by p.
4
Let l(f) = -359*f - 6312. What is the remainder when 477 is divided by l(-18)?
27
Suppose 20*i - 26*i = -30. Calculate the remainder when 45 is divided by 70/9 - ((-172)/(-36) - i).
5
Let v = 110 + -100. Suppose 0 = 4*o - v*o + 1314. Suppose 5*t - 4*h + 2*h = o, -5*h = 2*t - 76. What is the remainder when t is divided by 12?
7
Let m = 44 - 14. Let x = -386391 + 386507. Calculate the remainder when x is divided by m.
26
Let l(u) = -u**3 + 22*u**2 - 8*u - 26. What is the remainder when l(13) is divided by 34?
31
Let j = -17 + 35. Suppose 11*u + 7*u + 14*u = 2656. Calculate the remainder when u is divided by j.
11
Let m(p) = -p**2 + 13*p - 37. Let g be m(7). Suppose 143 = -g*q + 198. Calculate the remainder when 12 is divided by q.
1
Let o(r) = -14*r - 16. Suppose 3*q = -5*z + 39, -12 + 0 = -4*z + 4*q. Let y be o(z). What is the remainder when (y/75)/(8/(-90)) is divided by 3?
0
Suppose -4*w - 84 = -7*w. Suppose -2*s + w = 20. What is the remainder when s is divided by 1 + (2/2 - -1)?
1
Let h(a) be the third derivative of a**5/30 + a**4/8 + a**3/3 - a**2. Let t = -576846 - -576854. Calculate the remainder when h(-5) is divided by t.
5
Let p = -1042 - -1141. What is the remainder when p is divided by 71?
28
Let r = -1179 + 1878. Calculate the remainder when r is divided by 39.
36
Suppose 3*c = 4*c + 5, 2*k = 2*c + 108. Let v(n) = 3*n**2 + 31*n - 22. What is the remainder when v(-14) is divided by k?
34
Suppose -27*k + 20 = -17*k. Suppose 5*u - 40 = 955. Calculate the remainder when u is divided by ((-1375)/110)/((-1)/k).
24
Let i = 12978 + -12929. Calculate the remainder when 34885 is divided by i.
46
What is the remainder when 2460/(-2255) - 2598/(-22) is divided by 47?
23
Let y = -161 + 163. Suppose 0 = -5*z + 14 + 11, 0 = y*o + z - 27. What is the remainder when 84 is divided by o?
7
Let f(z) = 2*z**3 - 16*z**2 - 2*z + 4. Let d = -5 - -13. Let n be f(d). Let l(p) = -3*p - 23. Calculate the remainder when l(n) is divided by 6.
1
Let p be (-43)/86 + (-14)/4. What is the remainder when 151 is divided by ((-22)/p)/(10/40)?
19
Suppose -16 = -5*c + 24. Let x = -26 - -84. Suppose 2*m = 5*l - m - x, -3*m = 4*l - 68. What is the remainder when l is divided by c?
6
Let c(d) = d - 4. Let i be c(1). Let z = 11 + i. Calculate the remainder when 62 is divided by z.
6
Let q be -5 + -1 + 27/3. Suppose -152 - 229 = -q*v. Calculate the remainder when v is divided by 27.
19
Let n = -9230 + 9233. Calculate the remainder when 2477 is divided by n.
2
Let n = 7 + 26. What is the r